{"id":293,"date":"2023-09-20T17:05:27","date_gmt":"2023-09-20T15:05:27","guid":{"rendered":"https:\/\/sudeducation6440.org\/?post_type=tribe_events&#038;p=293"},"modified":"2023-09-27T14:59:53","modified_gmt":"2023-09-27T12:59:53","slug":"greve-pour-les-droits-des-aesh-la-defense-dune-ecole-reellement-inclusive","status":"publish","type":"tribe_events","link":"https:\/\/sudeducation6440.org\/index.php\/event\/greve-pour-les-droits-des-aesh-la-defense-dune-ecole-reellement-inclusive\/","title":{"rendered":"Gr\u00e8ve pour les droits des AESH &#038; la d\u00e9fense d\u2019une \u00e9cole r\u00e9ellement inclusive"},"content":{"rendered":"<p style=\"text-align: center;\" align=\"CENTER\"><span style=\"color: #000000;\"><span style=\"font-family: Fira Sans Light, serif;\"><span style=\"font-size: x-large;\"><b><span style=\"text-decoration: underline;\">DANS LE 64 :\u00a0<\/span><br \/>\nRassemblements\/pique-nique \u00e0 partir de 12h :<\/b><\/span><\/span><\/span><\/p>\n<p style=\"text-align: left; padding-left: 120px;\" align=\"JUSTIFY\"><span style=\"color: #000000;\"><span style=\"font-family: Fira Sans Light, serif;\"><span style=\"font-size: x-large;\"><b>&#8211; \u00e0 Bayonne : devant l&rsquo;inspection ASH <\/b><\/span><\/span><\/span><span style=\"color: #000000;\"><span style=\"font-family: Fira Sans Light, serif;\"><span style=\"font-size: x-large;\">(CIO de Bayonne, 26 Chem. d&rsquo;Arancette)<\/span><\/span><\/span><\/p>\n<p style=\"text-align: left; padding-left: 120px;\" align=\"JUSTIFY\"><span style=\"color: #000000;\"><span style=\"font-family: Fira Sans Light, serif;\"><span style=\"font-size: x-large;\"><b>&#8211; \u00e0 Pau : devant la DSDEN 64 <\/b><\/span><\/span><\/span><span style=\"color: #000000;\"><span style=\"font-family: Fira Sans Light, serif;\"><span style=\"font-size: x-large;\">(2, place d\u2019Espagne)<\/span><\/span><\/span><\/p>\n<p align=\"JUSTIFY\"><span style=\"color: #ffffff;\">a<\/span><\/p>\n<p style=\"text-align: center;\" align=\"CENTER\"><span style=\"text-decoration: underline;\"><span style=\"color: #000000;\"><span style=\"font-family: Fira Sans Light, serif;\"><span style=\"font-size: x-large;\"><b>DANS LE 40 :<br \/>\n<\/b><\/span><\/span><\/span><\/span><span style=\"color: #000000;\"><span style=\"font-family: Fira Sans Light, serif;\"><span style=\"font-size: x-large;\"><b>Rassemblements\/pique-nique \u00e0 partir de 11h30 :<\/b><\/span><\/span><\/span><\/p>\n<p style=\"text-align: left; padding-left: 120px;\" align=\"JUSTIFY\"><span style=\"color: #000000;\"><span style=\"font-family: Fira Sans Light, serif;\"><span style=\"font-size: x-large;\"><b>&#8211; \u00e0 Mont-de-Marsan : devant la DSDEN 40<\/b><\/span><\/span><\/span><\/p>\n<p style=\"text-align: left; padding-left: 120px;\" align=\"JUSTIFY\"><span style=\"color: #000000;\"><span style=\"font-family: Fira Sans Light, serif;\"><span style=\"font-size: x-large;\"><b>&#8211; \u00e0 Dax : dans la cour de l&rsquo;ancienne \u00e9cole normale\u00a0<\/b>(8, rue sainte Ursule)<\/span><\/span><\/span><\/p>\n<p style=\"text-align: left; padding-left: 120px;\" align=\"JUSTIFY\"><span style=\"color: #000000;\"><span style=\"font-family: Fira Sans Light, serif;\"><span style=\"font-size: x-large;\"><b>&#8211; \u00e0 Tyrosse : devant l&rsquo;antenne de la circo\u00a0<\/b>(Centre Tourren)<\/span><\/span><\/span><\/p>\n<p style=\"text-align: left; padding-left: 120px;\" align=\"JUSTIFY\"><span style=\"color: #000000;\"><span style=\"font-family: Fira Sans Light, serif;\"><span style=\"font-size: x-large;\"><b>&#8211; \u00e0 Mimizan : devant l&rsquo;antenne de la circo\u00a0<\/b>(3, avenue de Bayone)<\/span><\/span><\/span><\/p>\n<p>Plus d&rsquo;informations : <a href=\"https:\/\/sudeducation6440.org\/index.php\/2023\/09\/20\/aesh-la-lutte-continue-en-greve-le-3-octobre\/\">https:\/\/sudeducation6440.org\/index.php\/2023\/09\/20\/aesh-la-lutte-continue-en-greve-le-3-octobre\/<\/a><\/p>\n","protected":false},"excerpt":{"rendered":"<p>DANS LE 64 :\u00a0 Rassemblements\/pique-nique \u00e0 partir de 12h : &#8211; \u00e0 Bayonne : devant l&rsquo;inspection ASH (CIO de Bayonne, 26 Chem. d&rsquo;Arancette) &#8211; \u00e0 Pau : devant la DSDEN [&hellip;]<\/p>\n","protected":false},"author":1,"featured_media":0,"comment_status":"open","ping_status":"closed","template":"","meta":{"_tribe_events_status":"","_tribe_events_status_reason":"","footnotes":""},"tags":[],"tribe_events_cat":[],"class_list":["post-293","tribe_events","type-tribe_events","status-publish","hentry","entry"],"_links":{"self":[{"href":"https:\/\/sudeducation6440.org\/index.php\/wp-json\/wp\/v2\/tribe_events\/293","targetHints":{"allow":["GET"]}}],"collection":[{"href":"https:\/\/sudeducation6440.org\/index.php\/wp-json\/wp\/v2\/tribe_events"}],"about":[{"href":"https:\/\/sudeducation6440.org\/index.php\/wp-json\/wp\/v2\/types\/tribe_events"}],"author":[{"embeddable":true,"href":"https:\/\/sudeducation6440.org\/index.php\/wp-json\/wp\/v2\/users\/1"}],"replies":[{"embeddable":true,"href":"https:\/\/sudeducation6440.org\/index.php\/wp-json\/wp\/v2\/comments?post=293"}],"version-history":[{"count":5,"href":"https:\/\/sudeducation6440.org\/index.php\/wp-json\/wp\/v2\/tribe_events\/293\/revisions"}],"predecessor-version":[{"id":544,"href":"https:\/\/sudeducation6440.org\/index.php\/wp-json\/wp\/v2\/tribe_events\/293\/revisions\/544"}],"wp:attachment":[{"href":"https:\/\/sudeducation6440.org\/index.php\/wp-json\/wp\/v2\/media?parent=293"}],"wp:term":[{"taxonomy":"post_tag","embeddable":true,"href":"https:\/\/sudeducation6440.org\/index.php\/wp-json\/wp\/v2\/tags?post=293"},{"taxonomy":"tribe_events_cat","embeddable":true,"href":"https:\/\/sudeducation6440.org\/index.php\/wp-json\/wp\/v2\/tribe_events_cat?post=293"}],"curies":[{"name":"wp","href":"https:\/\/api.w.org\/{rel}","templated":true}]}}

Grève pour les droits des AESH &#038; la défense d’une école réellement inclusive

<p style="text-align: center;" align="CENTER"><span style="color: #000000;"><span style="font-family: Fira Sans Light, serif;"><span style="font-size: x-large;"><b><span style="text-decoration: underline;">DANS LE 64 : </span><br />
Rassemblements/pique-nique à partir de 12h :</b></span></span></span></p>
<p style="text-align: left; padding-left: 120px;" align="JUSTIFY"><span style="color: #000000;"><span style="font-family: Fira Sans Light, serif;"><span style="font-size: x-large;"><b>&#8211; à Bayonne : devant l&rsquo;inspection ASH </b></span></span></span><span style="color: #000000;"><span style="font-family: Fira Sans Light, serif;"><span style="font-size: x-large;">(CIO de Bayonne, 26 Chem. d&rsquo;Arancette)</span></span></span></p>
<p style="text-align: left; padding-left: 120px;" align="JUSTIFY"><span style="color: #000000;"><span style="font-family: Fira Sans Light, serif;"><span style="font-size: x-large;"><b>&#8211; à Pau : devant la DSDEN 64 </b></span></span></span><span style="color: #000000;"><span style="font-family: Fira Sans Light, serif;"><span style="font-size: x-large;">(2, place d’Espagne)</span></span></span></p>
<p align="JUSTIFY"><span style="color: #ffffff;">a</span></p>
<p style="text-align: center;" align="CENTER"><span style="text-decoration: underline;"><span style="color: #000000;"><span style="font-family: Fira Sans Light, serif;"><span style="font-size: x-large;"><b>DANS LE 40 :<br />
</b></span></span></span></span><span style="color: #000000;"><span style="font-family: Fira Sans Light, serif;"><span style="font-size: x-large;"><b>Rassemblements/pique-nique à partir de 11h30 :</b></span></span></span></p>
<p style="text-align: left; padding-left: 120px;" align="JUSTIFY"><span style="color: #000000;"><span style="font-family: Fira Sans Light, serif;"><span style="font-size: x-large;"><b>&#8211; à Mont-de-Marsan : devant la DSDEN 40</b></span></span></span></p>
<p style="text-align: left; padding-left: 120px;" align="JUSTIFY"><span style="color: #000000;"><span style="font-family: Fira Sans Light, serif;"><span style="font-size: x-large;"><b>&#8211; à Dax : dans la cour de l&rsquo;ancienne école normale </b>(8, rue sainte Ursule)</span></span></span></p>
<p style="text-align: left; padding-left: 120px;" align="JUSTIFY"><span style="color: #000000;"><span style="font-family: Fira Sans Light, serif;"><span style="font-size: x-large;"><b>&#8211; à Tyrosse : devant l&rsquo;antenne de la circo </b>(Centre Tourren)</span></span></span></p>
<p style="text-align: left; padding-left: 120px;" align="JUSTIFY"><span style="color: #000000;"><span style="font-family: Fira Sans Light, serif;"><span style="font-size: x-large;"><b>&#8211; à Mimizan : devant l&rsquo;antenne de la circo </b>(3, avenue de Bayone)</span></span></span></p>
<p>Plus d&rsquo;informations : <a href="https://sudeducation6440.org/index.php/2023/09/20/aesh-la-lutte-continue-en-greve-le-3-octobre/">https://sudeducation6440.org/index.php/2023/09/20/aesh-la-lutte-continue-en-greve-le-3-octobre/</a></p>

<p>DANS LE 64 :  Rassemblements/pique-nique à partir de 12h : &#8211; à Bayonne : devant l&rsquo;inspection ASH (CIO de Bayonne, 26 Chem. d&rsquo;Arancette) &#8211; à Pau : devant la DSDEN [&hellip;]</p>
