{"id":558,"date":"2023-09-27T16:15:49","date_gmt":"2023-09-27T14:15:49","guid":{"rendered":"https:\/\/sudeducation6440.org\/?post_type=tribe_events&#038;p=558"},"modified":"2023-10-11T15:48:07","modified_gmt":"2023-10-11T13:48:07","slug":"manifestation-interprofessionnelle-contre-lausterite-pour-les-salaires-et-legalite-femmes-hommes","status":"publish","type":"tribe_events","link":"https:\/\/sudeducation6440.org\/index.php\/event\/manifestation-interprofessionnelle-contre-lausterite-pour-les-salaires-et-legalite-femmes-hommes\/","title":{"rendered":"Manifestation interprofessionnelle contre l&rsquo;aust\u00e9rit\u00e9, pour les salaires et l&rsquo;\u00e9galit\u00e9 femmes-hommes"},"content":{"rendered":"<p><img loading=\"lazy\" decoding=\"async\" class=\"aligncenter wp-image-717 size-medium\" src=\"http:\/\/sudeducation6440.org\/wp-content\/uploads\/2023\/10\/WhatsApp-Image-2023-10-11-at-08.15.35-e1697032076864-300x244.jpeg\" alt=\"\" width=\"300\" height=\"244\" srcset=\"https:\/\/sudeducation6440.org\/wp-content\/uploads\/2023\/10\/WhatsApp-Image-2023-10-11-at-08.15.35-e1697032076864-300x244.jpeg 300w, https:\/\/sudeducation6440.org\/wp-content\/uploads\/2023\/10\/WhatsApp-Image-2023-10-11-at-08.15.35-e1697032076864-768x625.jpeg 768w, https:\/\/sudeducation6440.org\/wp-content\/uploads\/2023\/10\/WhatsApp-Image-2023-10-11-at-08.15.35-e1697032076864.jpeg 1022w\" sizes=\"auto, (max-width: 300px) 100vw, 300px\" \/><\/p>\n<p><span style=\"text-decoration: underline;\"><strong>Rassemblements dans le 64 et le 40 :<\/strong><\/span><\/p>\n<p><strong>Pau :\u00a0<\/strong>10h30 place Verdun<\/p>\n<p><strong>Bayonne :\u00a0<\/strong>10h30 place Sainte Ursule<\/p>\n<p><strong>Mont de Marsan :\u00a0<\/strong>11h30 devant la pr\u00e9fecture des Landes<\/p>\n<p>Plus d&rsquo;informations : <a href=\"https:\/\/sudeducation6440.org\/index.php\/2023\/09\/27\/manifestation-interprofessionnelle-contre-lausterite-pour-les-salaires-et-legalite-femmes-hommes\/\">https:\/\/sudeducation6440.org\/index.php\/2023\/09\/27\/manifestation-interprofessionnelle-contre-lausterite-pour-les-salaires-et-legalite-femmes-hommes\/<\/a><\/p>\n<p>&nbsp;<\/p>\n","protected":false},"excerpt":{"rendered":"<p>Rassemblements dans le 64 et le 40 : Pau :\u00a010h30 place Verdun Bayonne :\u00a010h30 place Sainte Ursule Mont de Marsan :\u00a011h30 devant la pr\u00e9fecture des Landes Plus d&rsquo;informations : https:\/\/sudeducation6440.org\/index.php\/2023\/09\/27\/manifestation-interprofessionnelle-contre-lausterite-pour-les-salaires-et-legalite-femmes-hommes\/ [&hellip;]<\/p>\n","protected":false},"author":1,"featured_media":0,"comment_status":"open","ping_status":"closed","template":"","meta":{"_tribe_events_status":"","_tribe_events_status_reason":"","footnotes":""},"tags":[],"tribe_events_cat":[],"class_list":["post-558","tribe_events","type-tribe_events","status-publish","hentry","entry"],"_links":{"self":[{"href":"https:\/\/sudeducation6440.org\/index.php\/wp-json\/wp\/v2\/tribe_events\/558","targetHints":{"allow":["GET"]}}],"collection":[{"href":"https:\/\/sudeducation6440.org\/index.php\/wp-json\/wp\/v2\/tribe_events"}],"about":[{"href":"https:\/\/sudeducation6440.org\/index.php\/wp-json\/wp\/v2\/types\/tribe_events"}],"author":[{"embeddable":true,"href":"https:\/\/sudeducation6440.org\/index.php\/wp-json\/wp\/v2\/users\/1"}],"replies":[{"embeddable":true,"href":"https:\/\/sudeducation6440.org\/index.php\/wp-json\/wp\/v2\/comments?post=558"}],"version-history":[{"count":3,"href":"https:\/\/sudeducation6440.org\/index.php\/wp-json\/wp\/v2\/tribe_events\/558\/revisions"}],"predecessor-version":[{"id":721,"href":"https:\/\/sudeducation6440.org\/index.php\/wp-json\/wp\/v2\/tribe_events\/558\/revisions\/721"}],"wp:attachment":[{"href":"https:\/\/sudeducation6440.org\/index.php\/wp-json\/wp\/v2\/media?parent=558"}],"wp:term":[{"taxonomy":"post_tag","embeddable":true,"href":"https:\/\/sudeducation6440.org\/index.php\/wp-json\/wp\/v2\/tags?post=558"},{"taxonomy":"tribe_events_cat","embeddable":true,"href":"https:\/\/sudeducation6440.org\/index.php\/wp-json\/wp\/v2\/tribe_events_cat?post=558"}],"curies":[{"name":"wp","href":"https:\/\/api.w.org\/{rel}","templated":true}]}}

Manifestation interprofessionnelle contre l&rsquo;austérité, pour les salaires et l&rsquo;égalité femmes-hommes

<p><img loading="lazy" decoding="async" class="aligncenter wp-image-717 size-medium" src="http://sudeducation6440.org/wp-content/uploads/2023/10/WhatsApp-Image-2023-10-11-at-08.15.35-e1697032076864-300x244.jpeg" alt="" width="300" height="244" srcset="https://sudeducation6440.org/wp-content/uploads/2023/10/WhatsApp-Image-2023-10-11-at-08.15.35-e1697032076864-300x244.jpeg 300w, https://sudeducation6440.org/wp-content/uploads/2023/10/WhatsApp-Image-2023-10-11-at-08.15.35-e1697032076864-768x625.jpeg 768w, https://sudeducation6440.org/wp-content/uploads/2023/10/WhatsApp-Image-2023-10-11-at-08.15.35-e1697032076864.jpeg 1022w" sizes="auto, (max-width: 300px) 100vw, 300px" /></p>
<p><span style="text-decoration: underline;"><strong>Rassemblements dans le 64 et le 40 :</strong></span></p>
<p><strong>Pau : </strong>10h30 place Verdun</p>
<p><strong>Bayonne : </strong>10h30 place Sainte Ursule</p>
<p><strong>Mont de Marsan : </strong>11h30 devant la préfecture des Landes</p>
<p>Plus d&rsquo;informations : <a href="https://sudeducation6440.org/index.php/2023/09/27/manifestation-interprofessionnelle-contre-lausterite-pour-les-salaires-et-legalite-femmes-hommes/">https://sudeducation6440.org/index.php/2023/09/27/manifestation-interprofessionnelle-contre-lausterite-pour-les-salaires-et-legalite-femmes-hommes/</a></p>
<p>&nbsp;</p>

<p>Rassemblements dans le 64 et le 40 : Pau : 10h30 place Verdun Bayonne : 10h30 place Sainte Ursule Mont de Marsan : 11h30 devant la préfecture des Landes Plus d&rsquo;informations : https://sudeducation6440.org/index.php/2023/09/27/manifestation-interprofessionnelle-contre-lausterite-pour-les-salaires-et-legalite-femmes-hommes/ [&hellip;]</p>
