{"id":921,"date":"2023-11-28T11:25:42","date_gmt":"2023-11-28T10:25:42","guid":{"rendered":"https:\/\/sudeducation6440.org\/?post_type=tribe_events&#038;p=921"},"modified":"2023-12-08T10:50:20","modified_gmt":"2023-12-08T09:50:20","slug":"greve-pour-le-retrait-du-projet-de-reforme-grandjean-contre-le-lycee-professionnel","status":"publish","type":"tribe_events","link":"https:\/\/sudeducation6440.org\/index.php\/event\/greve-pour-le-retrait-du-projet-de-reforme-grandjean-contre-le-lycee-professionnel\/","title":{"rendered":"Gr\u00e8ve pour le retrait du projet de r\u00e9forme Grandjean contre le lyc\u00e9e professionnel"},"content":{"rendered":"<p><strong><span style=\"text-decoration: underline;\">Pau<\/span> :\u00a0<\/strong>11h30 devant la Chambre de Commerce et d&rsquo;Industrie (CCI) de Pau et 12h30 devant la DSDEN.<\/p>\n<p><span style=\"text-decoration: underline;\"><strong>Bayonne<\/strong><\/span><span style=\"text-decoration: underline;\"> :<\/span> 11h30 devant la CCI de Bayonne, 12h30 Place de la mairie.<\/p>\n<p>&nbsp;<\/p>\n<p><a href=\"https:\/\/sudeducation6440.org\/index.php\/2023\/11\/28\/greve-pour-le-retrait-du-projet-de-reforme-grandjean-contre-le-lycee-professionnel\/\">Plus d&rsquo;informations<\/a><\/p>\n<p>&nbsp;<\/p>\n<p>&nbsp;<\/p>\n","protected":false},"excerpt":{"rendered":"<p>Pau :\u00a011h30 devant la Chambre de Commerce et d&rsquo;Industrie (CCI) de Pau et 12h30 devant la DSDEN. Bayonne : 11h30 devant la CCI de Bayonne, 12h30 Place de la mairie. [&hellip;]<\/p>\n","protected":false},"author":1,"featured_media":0,"comment_status":"open","ping_status":"closed","template":"","meta":{"_tribe_events_status":"","_tribe_events_status_reason":"","footnotes":""},"tags":[],"tribe_events_cat":[],"class_list":["post-921","tribe_events","type-tribe_events","status-publish","hentry","entry"],"_links":{"self":[{"href":"https:\/\/sudeducation6440.org\/index.php\/wp-json\/wp\/v2\/tribe_events\/921","targetHints":{"allow":["GET"]}}],"collection":[{"href":"https:\/\/sudeducation6440.org\/index.php\/wp-json\/wp\/v2\/tribe_events"}],"about":[{"href":"https:\/\/sudeducation6440.org\/index.php\/wp-json\/wp\/v2\/types\/tribe_events"}],"author":[{"embeddable":true,"href":"https:\/\/sudeducation6440.org\/index.php\/wp-json\/wp\/v2\/users\/1"}],"replies":[{"embeddable":true,"href":"https:\/\/sudeducation6440.org\/index.php\/wp-json\/wp\/v2\/comments?post=921"}],"version-history":[{"count":3,"href":"https:\/\/sudeducation6440.org\/index.php\/wp-json\/wp\/v2\/tribe_events\/921\/revisions"}],"predecessor-version":[{"id":948,"href":"https:\/\/sudeducation6440.org\/index.php\/wp-json\/wp\/v2\/tribe_events\/921\/revisions\/948"}],"wp:attachment":[{"href":"https:\/\/sudeducation6440.org\/index.php\/wp-json\/wp\/v2\/media?parent=921"}],"wp:term":[{"taxonomy":"post_tag","embeddable":true,"href":"https:\/\/sudeducation6440.org\/index.php\/wp-json\/wp\/v2\/tags?post=921"},{"taxonomy":"tribe_events_cat","embeddable":true,"href":"https:\/\/sudeducation6440.org\/index.php\/wp-json\/wp\/v2\/tribe_events_cat?post=921"}],"curies":[{"name":"wp","href":"https:\/\/api.w.org\/{rel}","templated":true}]}}

Grève pour le retrait du projet de réforme Grandjean contre le lycée professionnel
